tor of 1765?
False
Does 15 divide 474?
False
Is 623 a multiple of 17?
False
Does 122 divide 366?
True
Is 34 a factor of 5251?
False
Does 37 divide 15836?
True
Does 2 divide 180?
True
Is 707 a multiple of 10?
False
Is 1670 a multiple of 10?
True
Is 76300 a multiple of 100?
True
Is 595 a multiple of 7?
True
Does 2 divide 6518?
True
Does 91 divide 5771?
False
Does 26 divide 11154?
True
Does 42 divide 54277?
False
Is 11 a factor of 13233?
True
Does 80 divide 9760?
True
Is 6360 a multiple of 32?
False
Is 4 a factor of 23119?
False
Is 8 a factor of 285?
False
Does 8 divide 1116?
False
Is 174 a factor of 5442?
False
Is 2704 a multiple of 169?
True
Is 11 a factor of 275?
True
Does 4 divide 348?
True
Does 4 divide 2500?
True
Does 27 divide 3617?
False
Does 3 divide 230?
False
Is 7358 a multiple of 13?
True
Is 261 a multiple of 9?
True
Is 37 a factor of 1355?
False
Is 21654 a multiple of 11?
False
Does 34 divide 35527?
False
Is 10697 a multiple of 13?
False
Is 4494 a multiple of 21?
True
Does 13 divide 1204?
False
Is 40 a factor of 560?
True
Is 39 a factor of 2769?
True
Is 18 a factor of 522?
True
Is 20 a factor of 100?
True
Is 8 a factor of 11275?
False
Does 3 divide 269?
False
Does 6 divide 8652?
True
Is 86 a factor of 54954?
True
Is 8049 a multiple of 72?
False
Does 20 divide 802?
False
Does 10 divide 86953?
False
Does 25 divide 100?
True
Is 4 a factor of 1899?
False
Does 14 divide 8330?
True
Is 35 a factor of 455?
True
Does 11 divide 14995?
False
Does 9 divide 4590?
True
Is 117 a multiple of 2?
False
Does 24 divide 2760?
True
Is 87 a factor of 4619?
False
Is 16 a factor of 4368?
True
Is 9108 a multiple of 22?
True
Is 117 a factor of 9243?
True
Is 5182 a multiple of 9?
False
Is 67 a factor of 36716?
True
Is 234 a multiple of 78?
True
Does 118 divide 10779?
False
Does 24 divide 2280?
True
Is 22 a factor of 8151?
False
Is 138 a factor of 3864?
True
Is 454 a multiple of 4?
False
Is 1907 a multiple of 4?
False
Is 45090 a multiple of 11?
False
Is 12 a factor of 7220?
False
Is 144 a multiple of 16?
True
Is 5 a factor of 124?
False
Is 5107 a multiple of 16?
False
Is 1480 a multiple of 3?
False
Is 7 a factor of 119?
True
Is 11442 a multiple of 41?
False
Does 22 divide 19947?
False
Does 10 divide 3910?
True
Is 47403 a multiple of 69?
True
Is 1216 a multiple of 13?
False
Is 13 a factor of 84587?
False
Is 42566 a multiple of 437?
False
Does 7 divide 217?
True
Is 21 a factor of 15802?
False
Does 73 divide 942?
False
Is 34 a factor of 408?
True
Is 61 a factor of 20130?
True
Is 9926 a multiple of 104?
False
Is 61368 a multiple of 11?
False
Is 14 a factor of 8645?
False
Is 3 a factor of 359?
False
Is 2203 a multiple of 5?
False
Is 22 a factor of 638?
True
Is 60 a factor of 6023?
False
Does 84 divide 7618?
False
Is 1240 a multiple of 10?
True
Is 26 a factor of 286?
True
Is 46 a multiple of 23?
True
Is 385 a multiple of 34?
False
Does 3 divide 539?
False
Does 318 divide 31521?
False
Does 33 divide 3123?
False
Is 58 a factor of 6496?
True
Is 5 a factor of 887?
False
Is 21 a factor of 10731?
True
Is 516 a multiple of 19?
False
Is 2826 a multiple of 200?
False
Is 13 a factor of 3107?
True
Is 142 a multiple of 49?
False
Does 9 divide 36?
True
Is 16 a factor of 872?
False
Is 119 a factor of 14042?
True
Is 13 a factor of 1849?
False
Is 12 a factor of 780?
True
Does 5 divide 1875?
True
Does 82 divide 71504?
True
Is 650 a multiple of 26?
True
Does 32 divide 256?
True
Does 62 divide 124?
True
Is 11 a factor of 12552?
False
Is 1173 a multiple of 2?
False
Is 28 a factor of 4340?
True
Is 103 a multiple of 28?
False
Does 73 divide 146?
True
Does 19 divide 236?
False
Is 25 a factor of 1178?
False
Is 4 a factor of 11425?
False
Is 127607 a multiple of 15?
False
Is 11 a factor of 594?
True
Is 16 a factor of 736?
True
Does 49 divide 1813?
True
Is 4 a factor of 17140?
True
Is 10 a factor of 4127?
False
Is 20 a factor of 360?
True
Does 15 divide 6675?
True
Is 3250 a multiple of 29?
False
Is 3192 a multiple of 76?
True
Is 108 a multiple of 12?
True
Is 1740 a multiple of 15?
True
Is 13 a factor of 7059?
True
Is 8 a factor of 9448?
True
Is 1771 a multiple of 11?
True
Does 102 divide 32538?
True
Is 8 a factor of 421?
False
Is 10 a factor of 3364?
False
Is 44729 a multiple of 63?
False
Is 4291 a multiple of 66?
False
Does 9 divide 33759?
True
Is 8 a factor of 16117?
False
Is 9990 a multiple of 27?
True
Does 83 divide 2324?
True
Does 34 divide 46642?
False
Is 7 a factor of 483?
True
Does 17 divide 26576?
False
Does 103 divide 18540?
True
Is 33 a factor of 8976?
True
Is 1717 a multiple of 18?
False
Is 18 a factor of 2507?
False
Is 26 a factor of 5252?
True
Does 28 divide 336?
True
Does 45 divide 3539?
False
Is 190 a factor of 82769?
False
Is 8364 a multiple of 34?
True
Is 18 a factor of 2816?
False
Does 49 divide 441?
True
Does 14 divide 420?
True
Is 353 a multiple of 16?
False
Is 2908 a multiple of 15?
False
Does 6 divide 6738?
True
Is 6 a factor of 916?
False
Is 46898 a multiple of 179?
True
Does 18 divide 1654?
False
Is 4440 a multiple of 10?
True
Does 128 divide 1408?
True
Does 19 divide 2280?
True
Does 41 divide 146973?
False
Is 55 a factor of 4808?
False
Does 37 divide 1517?
True
Does 4 divide 117?
False
Is 35 a factor of 28635?
False
Does 8 divide 114?
False
Is 9 a factor of 369?
True
Is 101556 a multiple of 63?
True
Does 14 divide 8429?
False
Is 1122 a multiple of 33?
True
Is 48 a factor of 12623?
False
Is 289 a multiple of 6?
False
Does 44 divide 5891?
False
Is 2595 a multiple of 135?
False
Is 121 a factor of 3872?
True
Is 107 a factor of 5350?
True
Is 684 a multiple of 19?
True
Is 6396 a multiple of 13?
True
Does 128 divide 9631?
False
Does 9 divide 4009?
False
Is 13 a factor of 40703?
True
Is 4 a factor of 15984?
True
Is 7314 a multiple of 106?
True
Does 16 divide 3618?
False
Is 150 a multiple of 25?
True
Does 11 divide 1099?
False
Is 64342 a multiple of 53?
True
Does 50 divide 200?
True
Does 11 divide 3212?
True
Is 2198 a multiple of 14?
True
Is 913 a multiple of 7?
False
Is 67 a factor of 21812?
False
Does 37 divide 8917?
True
Does 49 divide 686?
True
Is 61 a factor of 1403?
True
Is 14 a factor of 25376?
False
Does 8 divide 6366?
False
Is 15 a factor of 10279?
False
Is 20574 a multiple of 25?
False
Is 451 a multiple of 72?
False
Does 74 divide 8653?
False
Is 46 a factor of 1128?
False
Does 17 divide 3406?
False
Is 48 a factor of 1281?
False
Is 45323 a multiple of 19?
False
Is 8 a multiple of 4?
True
Does 29 divide 2616?
False
Is 20817 a multiple of 232?
False
Is 1770 a multiple of 30?
True
Is 3 a factor of 3600?
True
Is 17 a factor of 5440?
True
Is 9638 a multiple of 59?
False
Is 28475 a multiple of 25?
True
Is 4 a factor of 152?
True
Is 1526 a multiple of 14?
True
Does 4 divide 2102?
False
Is 39064 a multiple of 19?
True
Is 3524 a multiple of 97?
False
Does 71 divide 9727?
True
Is 12 a factor of 5688?
True
Is 4 a factor of 9366?
False
Is 19 a factor of 95?
True
Is 139 a factor of 18765?
True
Is 249 a multiple of 3?
True
Is 29 a factor of 1189?
True
Is 981 a multiple of 69?
False
Is 4396 a multiple of 7?
True
Does 32 divide 855?
False
Is 46 a multiple of 23?
True
Does 27 divide 1296?
True
Is 3 a factor of 197?
False
Is 6 a factor of 262?
False
Is 5292 a multiple of 3?
True
Does 35 divide 2394?
False
Does 8 divide 2112?
True
Does 3 divide 390?
True
Is 84 a factor of 1428?
True
Is 1023 a multiple of 60?
False
Is 894 a multiple of 20?
False
Does 44 divide 1400?
False
Does 24 divide 2108?
False
Is 38 a factor of 30210?
True
Is 13 a factor of 412?
False
Is 26 a factor of 22620?
True
Is 61 a multiple of 12?
False
Is 65 a factor of 192?
False
Is 18623 a multiple of 15?
False
Does 14 divide 28?
True
Does 30 divide 3454?
False
Is 1388 a multiple of 9?
False
Is 13 a factor of 25230?
False
Does 119 divide 17255?
True
Is 118 a factor of 1298?
True
Is 1120 a multiple of 40?
True
Is 356 a multiple of 2?
True
Is 5624 a multiple of 115?
False
Is 2989 a multiple of 56?
False
Is 900 a multiple of 25?
True
Does 13 divide 13478?
False
Is 28519 a multiple of 10?
False
Is 1156 a multiple of 17?
True
Is 66 a factor of 2244?
True
Is 1300 a multiple of 13?
True
Is 193741 a multiple of 15?
False
Is 8008 a multiple of 26?
True
Does 55 divide 8140?
True
Does 127 divide 2667?
True
Is 1341 a multiple of 9